g(-8). What is the highest common divisor of 50 and i?
10
Suppose -3*x = 39 - 114. Let l = 15 - x. Let z be -5*48/l*1. Calculate the greatest common divisor of z and 6.
6
Suppose -5*f + 3*f - 114 = -3*j, -3*f = -j + 38. Let m be (j/(-1 + -1))/(-1). What is the greatest common factor of m and 19?
19
Let u = 16 - 0. Calculate the greatest common factor of 144 and u.
16
Suppose 0 = y + y + 4*c + 6, 2*y - 29 = 3*c. Let g be (-15)/(((-21)/6)/y). Calculate the greatest common factor of 10 and g.
10
Let x = 26 - 23. Suppose x*v = 4*v - 5*u - 139, -2*u = -4*v + 610. Calculate the greatest common factor of 22 and v.
22
Let p = -1 + 1. Suppose 0 = 2*s - p*s. Suppose -4*k + n + 10 = s, -5*k - 4*n - 2 = -25. What is the highest common divisor of k and 21?
3
Suppose -692 = -5*d + 4*j, 690 = -0*d + 5*d - 5*j. Let s = d - 77. What is the greatest common divisor of s and 9?
9
Let r be (0 + 2)*(-52)/(-8). Calculate the greatest common divisor of r and 117.
13
Let o(j) = j**3 - 2*j**2 + 2*j + 5. Suppose -3 = -v + 2. Let n be o(v). What is the greatest common factor of 10 and n?
10
Let b be 2/(1 - (-3)/(-6)). Suppose 2*z - 6 - b = 0. Suppose 0 = 3*g + 4*q - 181, 0*g = -4*g + 4*q + 204. What is the highest common factor of g and z?
5
Suppose 5*q - 84 = 11. Calculate the greatest common factor of q and 19.
19
Let b = 3 - 1. Let j = -1 - b. Let w(s) = -2*s + 3. Let f be w(j). What is the highest common divisor of f and 99?
9
Let g = -25 - -41. Suppose 3*l + 0*l - 6 = 0. What is the highest common factor of l and g?
2
Let j = -174 + 294. What is the greatest common divisor of j and 48?
24
Suppose 0 = -3*v + v + 34. Suppose -2*f + 3*t = -145, 5*f = 3*f - 3*t + 127. Calculate the highest common divisor of f and v.
17
Let o(z) = -z + 88. Let k = -14 - -34. Suppose 7*j - 2*j + k = 4*h, 3*h = -2*j + 15. Let a be o(j). What is the highest common divisor of a and 8?
8
Let q(j) = 2*j**2 - j + 2. Let s be q(-2). What is the highest common factor of s and 8?
4
Let x be (-345)/(-3) - (1 + 1). Let g = x - 22. Calculate the greatest common factor of 13 and g.
13
Let p(b) = 5*b + 3. Let o be p(3). Let t be (-164)/(-9) + (-4)/o. Suppose -15 + 120 = 2*k - 3*j, -3*j - 15 = 0. What is the greatest common divisor of t and k?
9
Suppose -2*w + 0*w + 14 = 0. Calculate the greatest common factor of w and 35.
7
Let f(g) = -20*g - 3. Let o be f(-4). Let t(p) = 25*p - 7. Let v be t(-5). Let r be 2/5 + v/(-20). Calculate the greatest common divisor of r and o.
7
Suppose -4*r + 8*r = 20. What is the highest common divisor of r and 5?
5
Suppose 6*k + 8 = -2*c + 2*k, -2*k - 10 = -2*c. Suppose -48 = c*u - 304. Let t = -16 - -32. Calculate the highest common factor of u and t.
16
Let l be -2 - (-7 + 3) - (-3 + -5). What is the highest common factor of l and 5?
5
Suppose -m = m - 14. Let x(y) = y**2 - 7*y + 8. Let z be x(m). Calculate the highest common divisor of z and 4.
4
Let h be ((-4)/(-5))/((-4)/(-250)). Suppose -h = -t - t. Suppose -185 = -5*d - f, -3*d = -3*f - t - 68. What is the highest common divisor of d and 54?
18
Suppose -4*i + 368 = 4*p, -3*p + 4*i + 296 = 48. Let a(y) = 3*y - 22. Let c be a(10). Calculate the greatest common divisor of c and p.
8
Let b(l) = -l**2 - 5*l + 2. Let m be b(-5). Let a = -2 + 10. Calculate the highest common factor of a and m.
2
Let j(y) = 3*y**2 - 3*y - 4. Suppose 0 = t - b - 7, 3*t + 2*b - 17 = 4*b. Let z be j(t). What is the highest common factor of z and 56?
14
Let a be ((-3)/4)/((-1)/4). Suppose 0*k + 3*q = -4*k + 78, -5*q = -3*k + 73. Calculate the highest common divisor of k and a.
3
Let q = 35 - 20. Let n(d) = -2*d - 6. Let k be n(-6). Calculate the greatest common factor of k and q.
3
Let o be (24*2)/4 - 2. What is the greatest common factor of 10 and o?
10
Let w = 283 + -139. What is the highest common factor of w and 16?
16
Suppose 172 = 5*g - 78. What is the greatest common factor of g and 10?
10
Let a(o) = o**3 - 9*o**2 + 7*o + 6. Let y be a(8). Let u(s) = -9*s**3 - 3*s**2. Let z be u(y). Calculate the highest common divisor of 20 and z.
20
Suppose 2*x = -3*r - 3, -3*x = x + 12. Calculate the highest common factor of r and 7.
1
Let r(p) = -p**2 + 9*p + 3. Let c be r(7). Calculate the highest common factor of c and 85.
17
Suppose 0 = q - 1. Calculate the greatest common divisor of q and 2.
1
Suppose -4*g - 4*y = -164, 4*g - 5*y - 154 = 1. Suppose 60 = -o + 4*o. What is the greatest common divisor of g and o?
20
Suppose 0 = -4*s - 3 + 11. Let c(o) = o + 1. Let q be c(s). Suppose 5*j - 5*l = 60, 5*l = q*j - 0*l - 26. Calculate the greatest common factor of j and 85.
17
Suppose -30*u = -34*u + 8. What is the highest common divisor of 8 and u?
2
Let t be 5 + 216/(-42) + (-492)/(-14). Calculate the greatest common divisor of 7 and t.
7
Suppose 3*p = 3*u + 24, -6*p + 2*u = -3*p - 26. Suppose -5*a = 0, 3*t - a - 13 - 2 = 0. What is the highest common factor of p and t?
5
Suppose 5*p + 3 = 48. What is the greatest common factor of p and 6?
3
Suppose 0 = -4*w + 2*b - 4 + 20, -2*w = 4*b - 8. What is the highest common divisor of w and 28?
4
Let d(g) = -7 + 3 + g**2 + 9*g - 6*g. Let j be d(5). Calculate the highest common factor of j and 24.
12
Suppose 2*y - 1 = 11. Calculate the greatest common divisor of 18 and y.
6
Let b be (34 + 1)/(2/10). Let a = -54 + b. Suppose -32 = -2*m + 2*d, -d = 2*m - 5*d - 42. Calculate the greatest common divisor of a and m.
11
Let c = 293 - 209. What is the highest common divisor of c and 56?
28
Suppose 2*w + 27 = -w. Let h = w - -13. What is the highest common factor of 12 and h?
4
Let n(f) = -5*f - 42. Let s be n(-10). Let y be ((-4)/5)/((-3)/15). Calculate the highest common divisor of y and s.
4
Let i(n) = -n**3 - 4*n**2 - 6*n - 6. Let q be 2/(-9) + (-194)/18. Let z = q + 7. Let b be i(z). What is the highest common factor of 9 and b?
9
Suppose 3*d - 4*u + 9 = 29, -2*d + u = -10. Suppose -d*i - 4*p = 4, -5*p = -5*i - 4*p + 7. Let t = 15 + -11. What is the greatest common divisor of t and i?
1
Suppose -9*o - 12 = -10*o. Suppose 0 = -5*a + 21 - 81. Let d = 18 + a. Calculate the greatest common divisor of d and o.
6
Let n = -32 - -50. Suppose j = 2*j - n. What is the highest common factor of 9 and j?
9
Suppose 0*a + 5*w = a - 24, 0 = 2*w + 2. Suppose 0 = 3*y - a - 11. What is the greatest common factor of 30 and y?
10
Suppose 5*p - 2*k - 1453 = -k, 4*p = -3*k + 1151. Calculate the highest common factor of p and 10.
10
Suppose 5*u - 9 = g, 3*g + u - 21 = -0*g. Let h(f) = f**2 + 10*f + 12. Let t be h(-9). Suppose -3 = 2*d - t*d. Calculate the highest common factor of d and g.
3
Suppose -264 = -17*r + 195. Let j be 4*(0 - -54) - 0. Calculate the greatest common factor of j and r.
27
Let a = 23 + -22. What is the greatest common divisor of 5 and a?
1
Suppose 5*p - 4 - 1 = 0. Let o be 125*(0/1 + p). Let a = o - 73. What is the greatest common divisor of 13 and a?
13
Let l(n) = 2*n + 3. Let k be l(4). Let p(u) = -k*u - 2*u - 2 - 2. Let r be p(-3). What is the greatest common factor of r and 7?
7
Suppose -17*i = -24*i + 686. What is the highest common factor of 42 and i?
14
Suppose 0 = -g + f + 2 + 4, -2*g - 2*f = -8. Let a be 165/6*4/g. What is the greatest common factor of 11 and a?
11
Let w be (-4)/(-6) - 16/6. Let f be 3*w/(-6)*98. Calculate the highest common factor of f and 14.
14
Let w = -2 - -4. Suppose 2 = 3*a + 8, -w*a + 48 = 4*x. Calculate the greatest common factor of x and 91.
13
Suppose 3*q - 15 = 0, -7*l + 3*l + 4*q + 460 = 0. What is the greatest common factor of 12 and l?
12
Let m be 954*1*(55/10)/11. Calculate the greatest common divisor of m and 53.
53
Let i be ((-2125)/5)/(-5) - 1. What is the highest common divisor of i and 12?
12
Suppose 5*o = -4*z - 1 - 14, 3*z + 35 = o. Let y be 12/3 + 1 + -3. Let c be (-5)/z - (-51)/y. Calculate the greatest common factor of c and 65.
13
Let v(m) = -m**3 - 14*m**2 + 14*m - 13. Let s be v(-15). What is the highest common divisor of 2 and s?
2
Suppose -5*q + 105 = p + 4*p, -3*p + 39 = -3*q. Calculate the highest common factor of p and 34.
17
Suppose 0 = -7*i + 8*i - 8. Calculate the greatest common divisor of i and 88.
8
Suppose -5*j + 74 + 36 = 0. Suppose -4*u = u - g - 3848, -5*g = 2*u - 1550. Suppose -2*f - 3*f = -u. What is the greatest common factor of j and f?
22